aluate (-2 - 0) + (6 - 10) + 11.
5
Calculate -6 - 1 - (4 - 6).
-5
What is 6 + (-1 + -1 - (-10 + 8))?
6
What is (3 - 10 - (-10 + 6)) + 12?
9
What is (36 - 37) + -1 + 0?
-2
What is (89 - 80) + (2 + 0 - 7)?
4
(15 - 19) + (0 - (-2 - 0))
-2
Evaluate 3 + 7 + -6 - 9.
-5
(-4 - -5) + (1 - 1) - -1
2
Calculate 53 + -47 - (3 - -1) - 3.
-1
2 - 3 - ((-1 - -4) + 1)
-5
2 + (4 + 0 - 3) + -2
1
Calculate 7 - (19 - (-12 - -13)).
-11
Calculate -5 + 2 + (2 - -11).
10
Calculate (6 - 2) + (0 - 4).
0
1 + -3 + (1 - 1) - -9
7
Evaluate 1 + -1 + (2 - 6 - -1).
-3
What is (-2 - -15) + (5 - 11)?
7
-3 + (5 + -3 - -1) - -2
2
(6 - 3) + (-5 - (4 + -3))
-3
Calculate (-7 - -4 - -6) + -3 + 0.
0
What is the value of (0 - -6) + 4 + (4 - 11)?
3
What is the value of 6 + -7 - 0 - (1 + -4)?
2
What is the value of 3 - (6 - 8) - 4?
1
Calculate 0 - 0 - (-35 - -38).
-3
(8 - 3) + 0 - (-4 + 3)
6
What is the value of -2 - (-3 - (2 - 6))?
-3
-7 - (-2 + -5) - (2 + -7)
5
Calculate 0 + 12 + (4 - (3 - -6)).
7
Calculate (-45 - -35) + 10 + 0.
0
Calculate 1 - (1 + (-1 - -5)) - 0.
-4
What is 0 + 0 - ((4 - 4) + -3)?
3
-7 - ((7 - 6) + -4)
-4
What is the value of (3 + -8 - 6) + 4?
-7
Evaluate (-4 - 1) + (-86 - -89).
-2
What is the value of -5 + 12 + -7 + (2 - -1)?
3
Calculate -12 + 17 + (-16 - -8).
-3
What is 0 - (6 + -4 + 3)?
-5
Evaluate (-2 - (-2 - -3)) + 8.
5
Evaluate (-3 - (2 + -8)) + (1 - 6).
-2
What is 71 - 68 - (-1 - -8)?
-4
2 + -2 + -1 + 1
0
What is 17 + -18 - (0 - 0) - -5?
4
Calculate -2 - -7 - (-8 + 8).
5
Evaluate -10 + 4 + 2 + -2 + 14.
8
4 + -2 + (-6 - (-10 - 0))
6
What is the value of (-12 - -1 - (-8 + 4)) + -2?
-9
Calculate 5 + 4 + -3 + (58 - 74).
-10
What is the value of (1 - 0) + -1 + -47 + 39?
-8
0 + 3 + 0 + -1
2
What is 1 + (-7 - -6 - 1)?
-1
What is (-4 - -1) + 1 + 8 - 2?
4
Evaluate 0 + (-1 - (2 + -3)).
0
What is (31 + -32 - (2 + 2)) + 7?
2
What is the value of 11 - (0 + (1 - 5 - -9))?
6
-2 - ((-1 - 4) + 4)
-1
(-7 - 3 - -1) + 1
-8
-2 + -2 - (3 + -5 + -4)
2
What is -1 + (3 - 5) + 9 + -13?
-7
What is the value of 7 - 13 - -4 - (-8 - -5)?
1
Evaluate (1 - 0) + (16 - 20).
-3
What is (-2 - (-6 + 6)) + 2 + -1?
-1
Evaluate 4 + 1 - (-9 + 6).
8
What is the value of -2 + -4 + 5 + 1?
0
What is the value of 1 + 2 + -3 + 2?
2
What is the value of 0 - (1 + 2) - 1?
-4
What is 3 - 0 - -3 - 8?
-2
What is the value of 2 - (19 + -6 - 7)?
-4
Evaluate -4 + -6 + -2 + 9.
-3
What is -5 + 5 - (-5 + 0)?
5
Evaluate 37 + -32 + -1 + -1.
3
Evaluate -7 + (3 + 8 - 6) - -10.
8
Calculate 4 + (0 - 3 - -1 - 0).
2
Evaluate 1 + -4 + (3 + 2 - 3).
-1
3 - 2 - 1 - 2 - 6
-8
Evaluate (-5 - -10 - 5) + (1 - -3).
4
What is (1 - 9) + 15 + (-10 - 0)?
-3
What is the value of 1 + (0 - 0) - (-1 - -1)?
1
14 + -19 + (-3 - -14) + -2
4
Evaluate 2 - (7 - 1) - -5.
1
Calculate -12 - (8 + -33 + 9).
4
What is the value of (0 - -2) + 2 + -6?
-2
Evaluate -5 - (1 + 0) - -6.
0
What is the value of (25 - 37 - (1 - -5)) + 7?
-11
Calculate 0 - (-3 + -3 + 1 + 5).
0
What is the value of 0 + (1 - (-3 + 3 - -2))?
-1
Calculate (1 + -2 - (-2 - -5)) + 4.
0
(-6 - -1) + (10 - 6) + 3
2
3 - 4 - 2 - (-11 + 14)
-6
-6 + (7 - 0 - (-1 - -4))
-2
Calculate 42 - 53 - (-11 + 0).
0
What is the value of 0 - -3 - 1 - (-2 + 2)?
2
Evaluate -1 + (-9 - -7) + 8.
5
Evaluate 2 - -1 - (2 - -3 - 2).
0
Calculate (-2 - 4 - -5) + -7.
-8
Calculate 3 - (11 + -8 + (0 - 3)).
3
0 + 0 - (3 + 0 + -1)
-2
What is the value of (-1 - -1) + -2 + 5 + -3?
0
(-6 - -4) + 3 - 3 - -9
7
Evaluate (1 - 12) + (-58 - -65).
-4
What is the value of -2 + -2 + 7 + -1 + 1?
3
(16 - -1) + (-4 - 5) + 2
10
What is the value of 10 - 6 - 0 - 9?
-5
Evaluate (0 - -4) + -2 - (5 + 0).
-3
(0 - 0) + (-16 - (-34 - -17))
1
Calculate -4 + (6 - (1 - -3)).
-2
What is 2 - (-28 - -13 - -6)?
11
What is the value of -3 - 0 - (7 + -11)?
1
13 + -15 - (1 + (-2 - 0))
-1
What is (-10 - -7) + 13 - 12?
-2
1 - (-1 - (2 + -2 + 4))
6
What is the value of -1 + 4 + 2 + -2 + -1?
2
Evaluate (9 - -2) + -9 + -9.
-7
-5 + (-11 - -13 - -7)
4
What is the value of -5 - (4 - (-2 - -11))?
0
Evaluate -5 - -1 - (-2 + -1).
-1
What is the value of 0 + -2 + 4 - (-18 - -19)?
1
Calculate -3 - -12 - 3 - -4 - 2.
8
What is the value of 4 + (9 + -5 - (0 - -2))?
6
(-19 - -6) + 16 - (1 - 2)
4
(-2 - -1) + 34 + -27
6
What is 1 + 0 + (13 - (1 + 17))?
-4
What is 2 - -1 - (-7 + 7 + -1)?
4
What is 1 - 6 - (1 + -6)?
0
Evaluate -10 + (9 + 10 - 10).
-1
Calculate 1 + -2 + 5 - (21 + -22).
5
What is the value of -20 - -24 - (14 - 2)?
-8
Calculate (-1 - 0) + 0 + 0 - 3.
-4
What is -2 + (5 - (4 + -2))?
1
Evaluate 4 - (-2 + 10 + 3 + -8).
1
Evaluate -1 + 4 + 1 - (-9 - -8).
5
-6 - (-12 - (-3 + -3))
0
6 - -8 - (-1 + 8)
7
Evaluate -9 + (1 - 3) + 4 + 1.
-6
3 - 4 - -7 - 10
-4
(1 + -1 - 1) + 31 + -31
-1
(-5 - -11 - 8) + -3
-5
What is the value of -7 + 1 - (-14 + 10)?
-2
What is the value of 6 + (-19 - (1 - 9))?
-5
Calculate (-1 - -2) + (6 - 16).
-9
Calculate -17 - (-3 - (3 - -7)).
-4
3 + -1 + 1 + (3 - 1)
5
What is the value of 4 - (5 + 4) - (-2 - 3)?
0
Calculate (-9 + 17 - 5) + (-9 - -1).
-5
-2 + 15 - (7 + -1) - 4
3
Evaluate 9 + -1 + -6 + 0.
2
-1 - (4 + -4 + 1)
-2
Evaluate -3 - (-25 - -8 - -6).
8
Evaluate 14 - (9 - (3 - 3)).
5
Calculate -16 + 1 + 3 + 19.
7
What is (-5 - -1 - -9) + -4?
1
What is the value of 2 + 4 + (1 - 6)?
1
Evaluate (1 + -6 - (-2 - 8)) + -8.
-3
Calculate 5 - (-1 - -3 - (41 - 38)).
6
What is the value of 5 + (-5 - (-9 + (9 - 5)))?
5
Calculate -2 - (-2 - (-9 - -4)).
-5
Calculate -6 + 2 + (4 - -2 - 3).
-1
What is the value of 15 + (-19 - (-5 + -1))?
2
Evaluate 7 - ((-3 - -3) + 7).
0
Calculate -3 - (-3 - (0 + 2 + -2)).
0
Evaluate -6 - (7 + 4 - 6).
-11
-1 + -5 - (15 - 15 - 12)
6
-106 + 114 + (-2 - (6 - 0))
0
What is the value of (-8 - -2) + 1 + 0?
-5
What is the value of -3 + (5 - 2) + -6 + 3?
-3
7 + -5 + -5 - -3
0
What is 6 - (-5 + -3 + 9)?
5
Evaluate 4 + (-5 - (-4 + -1)).
4
What is -1 - (4 + 0 + 0)?
-5
-1 + 5 + (-2 - -3) + -4
1
(7 - 11) + 5 - 4
-3
Evaluate 0 + 4 + -3 + 2 + 0.
3
-3 + 10 + 2 + 18 + -20
7
What is the value of 9 + -3 - (-3 - -1)?
8
Evaluate 1 + 2 + -6 + 5.
2
What is (-5 - -1) + -3 - 0?
-7
Evaluate -4 - (-23 - -8) - 5.
6
Evaluate -1 + (8 - 7) + -7 - -7.
0
Calculate 2 - (-3 + 0 - -2) - 3.
0
What is (11 - 18) + 4 + -1?
-4
Calculate (1 - 11) + (21 - 6).
5
0 - (-7 - -1 - -13)
-7
Evaluate -6 + (6 + -3 - -2).
-1
Evaluate 0 - (11 + (-8 - 0)).
-3
What is 11 + -13 + 5 + (0 - 5)?
-2
Calculate (4 + -4 + -1 - 0) + 3.
2
What is 6 + -12 - (-20 - -11)?
3
What is the value of 1 + (5 + -6 - 0)?
0
13 + -12 + (-1 - 3)
-3
What is the value of -8 - (-5 - -4 - 4)?
-3
What is -5 - (-6 + (6 - 2))?
-3
Calculate -102 + 101 - (0 - (1 - -1)).
1
Evaluate -11 - (10 + (-4 - 11)).
-6
What is -1 - 7 - (36 + -44)?
0
What is the value of -15 - -26 - (-2 + 16)?
-3
What is the value of -1 + (8 - (0 - -4))?
3
What is the value of -27 + 26 - (-2 + 0)?
1
Evaluate 5 - (6 + -8 - 2 - -4).
5
Calculate 3 + 3 + 3 + -12 + 7.
4
12 + -5 + -3 + 0
4
Evaluate 5 + -3 + -6 - (0 + 2).
-6
What is -4 + -4 + 3 + 2?
-3
Evaluate 1 + -5 + (-3 - -2).
-5
(0 - (-5 + 8)) + 5
2
2 + -1 - 1 - -4 - 0
4
What is 3 + 1 - -2 - (-3 - -6)?
3
(-2 - 4) + 1 + 21 + -14
2
Calculate (-10 - -5) + (1 - (0 - 9)).
5
Calculate (-10 + 14 - -1) + 2.
7
Calculate 4 + -13 + 5 + (-1 - -4).
-1
(-4 - -6) + 0 - (8 + 2)
-8
Evaluate 9 + 1 + 1 + -5.
6
What is (4 + -6 - -2) + 0 + -3?
-3
What is (12 - 1) + -4 + -2?
5
Calculate -2 - (-1 + 1 + 8 + -9).
-1
What is -9 + (8 - 9) + 8?
-2
What is the value of -7 + 2 - (-5 + 0)?
0
What is the value of 0 + 6 + -4 - 1 - -5?
6
What is (7 - 14 - -12) + -9 - -9?
5
Evaluate (3 - -2 - 3) + 19 + -25.
-4
What is the value of -5 - ((-1 - 9 - -5) + 6)?
-6
What is the value of -10 + 10 + -8 - -5 - -11?
8
What is -12 + 20 - 4 - 2?
2
What is the value of 2 - (7 + (-8 - -1))?
2
7 - (3 + (0 - -10))
-6
What is the value of -2 - 0 - (-1 + 3)?
-4
-9 - (-20 + 8) - 4
-1
1 - 0 - (-39 - -38)
2
Calculate (-61 - -65) + -1 + 0.
3
Evaluate -22 - -8 - (-19 - -15).
-10
Calculate -1 - (-4 + 0 + 0).
3
Evaluate 8 + -16 - (-3 - 0 - 2).
-3
Calculate -9 - (-6 - -10 - 10).
-3
Calculate (-3 - (5 + (5 - 11))) + 4.
2
Evaluate 3 + -1 + (-2 - -4) + -2.
2
Calculate 0 + (-1 - (6 + -4)) + 1.
-2
What is the value of (1 + -3 - 4) + -1 + 3?
-4
(-10 - -4) + 0 - -7
1
2 + (6 - 1 - (3 + 0))
4
Evaluate 7 + -4 - (3 - 3).
3
Calculate 5 + -6 + 3 + -4.
-2
Evaluate 6 + -3 - ((